.
5
Let n(p) = -p**3 - 2*p**2 + 0*p**3 + 4*p**2 + 2 + 2*p**3. Let t be n(-2). Calculate the greatest common divisor of t and 16.
2
Let w(c) = -11*c + 1. Let j be w(-1). Calculate the greatest common factor of j and 48.
12
Let a be 844/14 + (1 - (-9)/(-7)). Calculate the highest common factor of 15 and a.
15
Let t be 2/3 - (-122)/(-3). Let q be t/(-6) + 2/6. Let k = 2 - 1. What is the greatest common divisor of q and k?
1
Suppose -t - 3*t + 112 = 0. Let c = t - -12. Calculate the highest common factor of c and 8.
8
Suppose 3*l - l = 66. Let b = -17 + 28. Calculate the greatest common divisor of b and l.
11
Suppose 2*n - 12 - 48 = 0. Calculate the highest common factor of 45 and n.
15
Let o(z) = -z**3 - 5*z**2 + 7*z - 14. Let k be o(-9). Calculate the greatest common divisor of 19 and k.
19
Let j = 4 + -3. What is the highest common factor of 11 and j?
1
Suppose -2*n - 5*b = -5*n + 21, 5*n - 63 = -b. Let u = -35 - -95. Calculate the highest common factor of u and n.
12
Let u be 3 - (-3 + (3 - 1)). Suppose 0*w = u*w - 44. What is the greatest common divisor of w and 77?
11
Let u = 22 - 6. Suppose u*l = 20*l - 308. Calculate the greatest common divisor of l and 7.
7
Suppose 0 = 2*g - 3 - 21. Let s = 35 + -20. Let v be 4*5/(s/g). Calculate the highest common divisor of 8 and v.
8
Let w(r) = 3*r - r - r**2 + 2*r + 3 + 2*r. Let k be w(5). Calculate the highest common divisor of 4 and k.
4
Suppose 3 + 3 = 2*q. Suppose 0 = q*v + x - 14, -v - x + 6 = -0*x. Calculate the greatest common divisor of v and 20.
4
Let r be 56/6*99/(-6). Let i = -74 - r. Calculate the greatest common divisor of i and 10.
10
Let r(s) = -s**2 + 10*s - 5. Let b be r(9). Suppose 15 = -o - 5*v, -v + 40 = b*o - 6*v. What is the greatest common factor of 5 and o?
5
Suppose -2*z - 5*y - 2 = 0, 3*y - 20 = 8*y. Calculate the highest common factor of z and 6.
3
Let o = 11 - 8. Let c(i) = -i**2 + 6*i + 8. Let t(v) = -v**3 - 6*v**2 + 7. Let h be t(-6). Let u be c(h). Calculate the greatest common divisor of u and o.
1
Let g be ((-4)/6)/(4/(-30)). Suppose g*i = -5, 3*x - 355 = 5*i - 35. Let y be (x/(-10))/(6/(-8)). Calculate the greatest common factor of 7 and y.
7
Let z(d) = -d + 17. Let n be z(8). Suppose h - 4*h + n = 0. Let a be h/(-3)*(-36)/1. Calculate the greatest common divisor of 4 and a.
4
Suppose 3*l - 47 = -3*t + 49, t - 24 = 3*l. Suppose 0 = 3*u + n - 14, 3*n - t = -2*u - 9. What is the highest common factor of 12 and u?
3
Suppose 3*b = x + 108, 58 = -5*b + 5*x + 238. What is the greatest common factor of b and 24?
12
Let h = 49 + -43. Calculate the highest common factor of h and 2.
2
Let m = 78 - 64. Calculate the highest common divisor of m and 112.
14
Let b = -6 - -6. Suppose -5*v + 91 + 89 = b. Calculate the highest common factor of v and 24.
12
Let b be (-6)/(-21) + (-66)/(-14). Suppose 14 = -b*t + 54. Calculate the greatest common factor of t and 56.
8
Let a = 10 + -15. Let y be (0 + 2)*a/(-10). What is the greatest common factor of 3 and y?
1
Let m(g) = -14*g - 30. Let a be m(-3). What is the greatest common factor of 12 and a?
12
Let a be (-21)/(-2)*(-2)/(-1). Suppose -4*v - 5 = -a. What is the greatest common factor of 10 and v?
2
Let a = -17 - -8. Let k = a + 17. Calculate the greatest common factor of k and 40.
8
Let f(a) = -a**3 + 3*a**2 + 6*a - 6. Suppose -3*h + 2*i = -0*i - 10, 0 = 4*i - 4. Let r be f(h). What is the highest common factor of 4 and r?
2
Suppose -71 = 4*s + 3*w, -s - 3*s + 3*w = 65. Let v = -12 - s. Let i = 67 + -47. Calculate the greatest common factor of i and v.
5
Let m = 8 + -10. Let f = m + 4. Let d(r) = -r - 5. Let z be d(-9). What is the highest common factor of z and f?
2
Let t(u) = -u**2 - 2*u + 5. Let w be t(-4). Let x = 5 + w. Suppose 3*g - 30 = o + x*o, -2*g + 20 = -o. Calculate the highest common divisor of g and 5.
5
Suppose 5*k - 13 = 3*m, 4*k = m + m + 10. Let u = -4 - -7. Let o = 4 - u. What is the highest common factor of o and k?
1
Let r be ((-228)/(-4))/(12/40). What is the highest common factor of 76 and r?
38
Suppose z - 31 = 4*j, -5*z + 3*j + 24 = -46. What is the greatest common factor of z and 88?
11
Suppose 6*p - 16 = 20. What is the greatest common divisor of 12 and p?
6
Let w(s) = 76*s**3 - s**2. Let q be w(1). Suppose 0 = -4*u - 11 + q. What is the highest common divisor of u and 8?
8
Let k(g) = -g - 1. Let s be k(-3). Let y be (s - 8)/((-2)/3). Calculate the highest common divisor of 45 and y.
9
Let n be (-106)/(-8) - (-13)/(-52). Calculate the highest common divisor of n and 39.
13
Suppose t + 0 - 4 = 0. Let v = -9 - 3. Let l = v - -24. What is the greatest common divisor of l and t?
4
Let y(w) be the second derivative of w**5/20 + w**4/2 + w**3/2 + w. Let z be y(-4). Suppose 176 = 3*r + 26. What is the greatest common divisor of z and r?
10
Suppose -2*n - 3*y + 7 = 3*n, 4*n - y - 9 = 0. Calculate the greatest common divisor of n and 8.
2
Let d be 6/15*5 + 1. Suppose -3*z + 3*r = -24, -z - 36 = -5*z + d*r. What is the highest common divisor of z and 2?
2
Suppose 5*q = -4*s + 665, 0*s - 2*q = -s + 163. Calculate the highest common factor of 15 and s.
15
Let i be 24 - 0/(1 - -1). Let t(y) = y**3 - 4*y**2 + 3*y. Let a be t(4). What is the greatest common factor of i and a?
12
Suppose 0 = -3*y - 8 - 1. Let p be ((-1)/y + -2)*-9. What is the highest common factor of p and 15?
15
Let a be 1 + -3*32/(-12). What is the highest common factor of a and 63?
9
Suppose -5*k + p + 21 = 5*p, 3*p = -4*k + 16. Suppose 13 = y - k. Let z = 49 - -7. Calculate the highest common factor of y and z.
14
Let u be 4/(-2)*(-1)/1. Let x(q) = -3*q - 1. Let r = -8 + 6. Let l be x(r). Calculate the highest common divisor of u and l.
1
Let b(h) = 72*h**3 - h**2 + 3*h - 2. Let f be b(1). What is the highest common factor of 9 and f?
9
Let o be -40*((2 - 20/8) + -1). Calculate the highest common divisor of o and 15.
15
Let y = -58 + 101. Calculate the greatest common factor of y and 473.
43
Let w = 16 - -4. Suppose 15 = 5*n - 10. Calculate the greatest common factor of n and w.
5
Suppose 3*x + 45 = -0*x. Let u be 2/(-6) + (-5)/x. Let q = 12 - u. Calculate the greatest common factor of 60 and q.
12
Suppose w + 6 = 4*w. Let j = w + 2. Let o be 12 - 3 - -1*1. Calculate the highest common divisor of o and j.
2
Let a(c) = -c**3 + c**2 - c + 2. Let z be a(0). Suppose -z*l = -4*w - 42, -l + 10 = 2*w - 23. Calculate the greatest common divisor of l and 18.
9
Suppose -5*s = -31 - 219. Let c be 1/2 + (-3)/2. Let a be 20 - c - -1 - 2. What is the highest common factor of a and s?
10
Let a(q) = -q**3 + 9*q**2 - 3*q + 4. Let p be a(7). Suppose 4*c = p + 15. What is the highest common factor of 3 and c?
3
Suppose 2*r - 24 - 30 = 3*x, -5*r - 5*x = -185. What is the highest common factor of r and 11?
11
Let k = 2 + 14. Calculate the highest common factor of 4 and k.
4
Let a = -31 + 67. Calculate the greatest common factor of 9 and a.
9
Suppose -4*s = -3*a + 19, -a + 0*s - 2*s = -3. Suppose -5*n = -0*j - 3*j - 97, 102 = a*n + 2*j. What is the greatest common factor of n and 4?
4
Suppose 0 = 3*r - n - 43 - 11, -4*n = -r + 18. Calculate the greatest common factor of r and 45.
9
Suppose -4*w - 1 = -3*v, -2*v = 3*w - 4 - 8. Suppose -w*t + 13 = -3. Let h be 514/t + 1/(-4). Calculate the highest common factor of h and 16.
16
Suppose 0 = 2*g + 5*z - 7*z + 2, -5*z + 25 = 5*g. What is the greatest common divisor of g and 4?
2
Let u be 444/14 + -2 + 2/7. What is the highest common divisor of u and 6?
6
Let z = -4 - -5. Let m = -1 - z. Let g be (-1 - (m + 1)) + 10. What is the highest common divisor of g and 40?
10
Suppose -1 = -2*r - 3*z, -10*z + 25 = -15*z. Suppose 3*x + 3*j = 21, x - 5*x = -3*j - 7. Let c = 12 - x. What is the greatest common factor of r and c?
8
Let c = 59 + -19. Let u(m) = -m**2 - 5*m + 5. Let x be u(-5). Calculate the greatest common factor of x and c.
5
Suppose 2*i - 26 = 4*a, -2*i + 64 = 2*i + 4*a. Let u be 540/(-42)*(-56)/6. What is the highest common factor of u and i?
15
Suppose 3*d = -4*d + 224. What is the greatest common divisor of 16 and d?
16
Suppose 0 = 4*p - 2*x - 436, 6*x = -2*p + 2*x + 208. Let z be (2/(-4))/(1/24). Let m = z - -30. Calculate the greatest common factor of p and m.
18
Suppose -24*l + 23*l + 46 = 0. Calculate the greatest co